{"id":46,"date":"2019-04-14T19:18:15","date_gmt":"2019-04-14T17:18:15","guid":{"rendered":"https:\/\/british-bikes.ch\/?page_id=46"},"modified":"2022-04-25T21:52:55","modified_gmt":"2022-04-25T19:52:55","slug":"vorstand-club-officers","status":"publish","type":"page","link":"https:\/\/british-bikes.ch\/?page_id=46","title":{"rendered":"Vorstand \/ Club Officers"},"content":{"rendered":"\n<figure class=\"wp-block-table alignwide is-style-stripes\"><table><tbody><tr><td>Pr\u00e4sident<\/td><td>Franz Stotzer<br>Aarbergstrasse107<br>2502 Biel\/Bienne<br>Tel. 079 439 71 00<\/td><td><a href=\"mailto:praesi@british-bikes.ch\">Pr\u00e4si<\/a><\/td><\/tr><tr><td>Vize-Pr\u00e4sident<\/td><td>Roland Weber<br>Im Rosengarten 17<br>4106 Therwil<br>079 742 62 49<\/td><td><a href=\"mailto:vizepraesi@british-bikes.ch\">Vizepr\u00e4si<\/a><\/td><\/tr><tr><td>Kassier<\/td><td>Rainer Herr<br>im Sytenacher 6<br>8108 D\u00e4llikon<\/td><td><a href=\"mailto:kassier@british-bikes.ch\">Kassier<\/a><\/td><\/tr><tr><td>Sekret\u00e4r<\/td><td>Franco Tonet<br>Lehmgrube 43<br>4657 Dulliken<br>Tel. 078 605 54 72<\/td><td><a href=\"mailto:sekretaer@british-bikes.ch\">Sekret\u00e4r<\/a><\/td><\/tr><tr><td>Beisitzer<\/td><td>Fred Rubi<br>Suteracher 36<br>8048 Z\u00fcrich<br>Tel. 044 432 71 78<\/td><td><a href=\"mailto:beisitzer@british-bikes.ch\">Beisitzer<\/a><\/td><\/tr><tr><td>Road-Master<\/td><td>J\u00fcrg Gerber<br>L\u00e4nggasse 104<br>3600 Thun<br>Tel. 079 382 86 03<\/td><td><a href=\"mailto:roadmaster@british-bikes.ch\">Beisitzer<\/a><\/td><\/tr><tr><td>Layout Girl<\/td><td>Margrit Weber<br>Libellenweg 1<br>2502 Biel<\/td><td><a href=\"mailto:layout-girl@british-bikes.ch\">Beisitzer<\/a><\/td><\/tr><tr><td><\/td><td><\/td><td><\/td><\/tr><tr><td><\/td><td><em>oder sende ein Mail<br>an den gesamten <\/em><a href=\"mailto:vorstand@british-bikes.ch\"><em>Vorstand<\/em><\/a><\/td><td><\/td><\/tr><\/tbody><\/table><\/figure>\n","protected":false},"excerpt":{"rendered":"<p>Pr\u00e4sident Franz StotzerAarbergstrasse1072502 Biel\/BienneTel. 079 439 71 00 Pr\u00e4si Vize-Pr\u00e4sident Roland WeberIm Rosengarten 174106 Therwil079 742 62 49 Vizepr\u00e4si Kassier&hellip;<\/p>\n","protected":false},"author":1,"featured_media":0,"parent":0,"menu_order":0,"comment_status":"closed","ping_status":"closed","template":"","meta":{"footnotes":""},"class_list":["post-46","page","type-page","status-publish","hentry"],"_links":{"self":[{"href":"https:\/\/british-bikes.ch\/index.php?rest_route=\/wp\/v2\/pages\/46","targetHints":{"allow":["GET"]}}],"collection":[{"href":"https:\/\/british-bikes.ch\/index.php?rest_route=\/wp\/v2\/pages"}],"about":[{"href":"https:\/\/british-bikes.ch\/index.php?rest_route=\/wp\/v2\/types\/page"}],"author":[{"embeddable":true,"href":"https:\/\/british-bikes.ch\/index.php?rest_route=\/wp\/v2\/users\/1"}],"replies":[{"embeddable":true,"href":"https:\/\/british-bikes.ch\/index.php?rest_route=%2Fwp%2Fv2%2Fcomments&post=46"}],"version-history":[{"count":9,"href":"https:\/\/british-bikes.ch\/index.php?rest_route=\/wp\/v2\/pages\/46\/revisions"}],"predecessor-version":[{"id":518,"href":"https:\/\/british-bikes.ch\/index.php?rest_route=\/wp\/v2\/pages\/46\/revisions\/518"}],"wp:attachment":[{"href":"https:\/\/british-bikes.ch\/index.php?rest_route=%2Fwp%2Fv2%2Fmedia&parent=46"}],"curies":[{"name":"wp","href":"https:\/\/api.w.org\/{rel}","templated":true}]}}