{"id":55,"date":"2019-04-14T19:20:15","date_gmt":"2019-04-14T17:20:15","guid":{"rendered":"https:\/\/british-bikes.ch\/?page_id=55"},"modified":"2026-02-12T09:58:47","modified_gmt":"2026-02-12T07:58:47","slug":"veranstaltungen-events","status":"publish","type":"page","link":"https:\/\/british-bikes.ch\/?page_id=55","title":{"rendered":"Veranstaltungen \/ Events"},"content":{"rendered":"\n<figure class=\"wp-block-table alignwide is-style-stripes has-small-font-size\"><table><tbody><tr><td><strong>26.04.2026<\/strong><\/td><td><strong>Generalversammlung<\/strong><\/td><td>Hotel B\u00e4rnsicht, <a href=\"https:\/\/www.google.com\/maps\/place\/L%C3%BCderenalp\/@46.9910063,7.8042566,13.25z\/data=!4m5!3m4!1s0x478fcfb908684b99:0x4c5d25c5ac00ab37!8m2!3d47.0024!4d7.82586\" target=\"_blank\" rel=\"noreferrer noopener\">L\u00fcderenalp<\/a><\/td><\/tr><tr><td><\/td><td><\/td><td><\/td><\/tr><tr><td><strong>21.06.2026<\/strong><\/td><td><strong>L\u00fcderenalp Treffen<\/strong><\/td><td><a href=\"https:\/\/www.google.com\/maps\/place\/L%C3%BCderenalp\/@46.9910063,7.8042566,13.25z\/data=!4m5!3m4!1s0x478fcfb908684b99:0x4c5d25c5ac00ab37!8m2!3d47.0024!4d7.82586\" target=\"_blank\" rel=\"noreferrer noopener\">L\u00fcderenalp<\/a><\/td><\/tr><tr><td><\/td><td><\/td><td><\/td><\/tr><tr><td><strong>07. \u2013 09.08.2026<\/strong><\/td><td><strong><strong>P\u00e4sserally<\/strong><\/strong><\/td><td><\/td><\/tr><tr><td><\/td><td><\/td><td><\/td><\/tr><tr><td><strong>04.10.2026<\/strong><\/td><td><strong>Herbstausflug<\/strong><\/td><td><\/td><\/tr><tr><td><\/td><td><\/td><td><\/td><\/tr><tr><td><strong>04.12.2026<\/strong><\/td><td><strong>Chlausenh\u00f6ck<\/strong><\/td><td>Oppligen<\/td><\/tr><tr><td><\/td><td><\/td><td><\/td><\/tr><\/tbody><\/table><\/figure>\n\n\n\n<p><\/p>\n","protected":false},"excerpt":{"rendered":"<p>26.04.2026 Generalversammlung Hotel B\u00e4rnsicht, L\u00fcderenalp 21.06.2026 L\u00fcderenalp Treffen L\u00fcderenalp 07. \u2013 09.08.2026 P\u00e4sserally 04.10.2026 Herbstausflug 04.12.2026 Chlausenh\u00f6ck Oppligen<\/p>\n","protected":false},"author":1,"featured_media":0,"parent":0,"menu_order":0,"comment_status":"closed","ping_status":"closed","template":"","meta":{"footnotes":""},"class_list":["post-55","page","type-page","status-publish","hentry"],"_links":{"self":[{"href":"https:\/\/british-bikes.ch\/index.php?rest_route=\/wp\/v2\/pages\/55","targetHints":{"allow":["GET"]}}],"collection":[{"href":"https:\/\/british-bikes.ch\/index.php?rest_route=\/wp\/v2\/pages"}],"about":[{"href":"https:\/\/british-bikes.ch\/index.php?rest_route=\/wp\/v2\/types\/page"}],"author":[{"embeddable":true,"href":"https:\/\/british-bikes.ch\/index.php?rest_route=\/wp\/v2\/users\/1"}],"replies":[{"embeddable":true,"href":"https:\/\/british-bikes.ch\/index.php?rest_route=%2Fwp%2Fv2%2Fcomments&post=55"}],"version-history":[{"count":106,"href":"https:\/\/british-bikes.ch\/index.php?rest_route=\/wp\/v2\/pages\/55\/revisions"}],"predecessor-version":[{"id":649,"href":"https:\/\/british-bikes.ch\/index.php?rest_route=\/wp\/v2\/pages\/55\/revisions\/649"}],"wp:attachment":[{"href":"https:\/\/british-bikes.ch\/index.php?rest_route=%2Fwp%2Fv2%2Fmedia&parent=55"}],"curies":[{"name":"wp","href":"https:\/\/api.w.org\/{rel}","templated":true}]}}